{"id":9426,"date":"2025-01-23T07:59:27","date_gmt":"2025-01-23T12:59:27","guid":{"rendered":"https:\/\/beamvac.com\/?post_type=atwm_product&#038;p=9426"},"modified":"2026-05-01T00:50:12","modified_gmt":"2026-05-01T04:50:12","slug":"aspirateur-central-295-gore-hybride-700-aw","status":"publish","type":"atwm_product","link":"https:\/\/beamvac.com\/fr\/product\/aspirateur-central-295-gore-hybride-700-aw\/","title":{"rendered":"Aspirateur central 295 &#8211; Hybride &#8211; 700 AW"},"content":{"rendered":"<p><b>Nom du mod\u00e8le :<\/b> 295<\/p>\n<p>Cet aspirateur central 295 est id\u00e9al pour les petits espaces et les habitations o\u00f9 l\u2019espace destin\u00e9 \u00e0 l\u2019unit\u00e9 motrice est limit\u00e9. Ce petit mod\u00e8le offre tout de m\u00eame une puissance d\u2019aspiration exceptionnelle, surpassant celle des meilleurs aspirateurs portables.<\/p>\n<p>Ce mod\u00e8le d\u2019aspirateur central g\u00e9n\u00e8re un niveau sonore de seulement 64 dB, ce qui en fait un appareil particuli\u00e8rement silencieux. Parfait pour un nettoyage discret, profitez de s\u00e9ances d\u2019aspiration \u00e0 toute heure sans d\u00e9ranger votre entourage.<\/p>\n<p><b>Recommand\u00e9 pour :<\/b><\/p>\n<ul>\n<li><b>Type d\u2019habitation :<\/b> appartements, studios et petites maisons<\/li>\n<li><b>Superficie approximative :<\/b> 90 m\u00b2<\/li>\n<\/ul>\n<p><b>Autres informations :<\/b><\/p>\n<ul>\n<li><a title=\"Consulter le manuel d'instruction pour les aspirateurs centraux Beam\" href=\"https:\/\/beamvac.com\/wp-content\/uploads\/userguide\/en\/IMPMODBEAM_Instruc_Beam_2025.pdf\" target=\"_blank\" rel=\"noopener\">Manuel d&rsquo;instruction<\/a><\/li>\n<li><b>Garantie :<\/b> 5 ans (pi\u00e8ces)<\/li>\n<\/ul>\n","protected":false},"featured_media":10249,"template":"","class_list":["post-9426","atwm_product","type-atwm_product","status-publish","has-post-thumbnail","hentry","atwm_product_category-alignement-actuel","atwm_product_specification-airwatts-aw-fr","atwm_product_specification-dust-capacity-fr","atwm_product_specification-air-flow-cfm-fr","atwm_product_specification-diametre","atwm_product_specification-height-po-2","atwm_product_specification-maximum-amps-fr","atwm_product_specification-sound-level-dba-fr","atwm_product_specification-weight-lb-2","atwm_product_specification-water-lift-fr","atwm_product_specification-voltage-rating-v-fr","atwm_product_specification-filtration-type-fr","atwm_product_specification-motor-type-fr","atwm_product_site-eu-fr"],"yoast_head":"<!-- This site is optimized with the Yoast SEO plugin v26.9 - https:\/\/yoast.com\/product\/yoast-seo-wordpress\/ -->\n<title>Aspirateur central 295 - Hybride - 700 AW - BEAM<\/title>\n<meta name=\"robots\" content=\"index, follow, max-snippet:-1, max-image-preview:large, max-video-preview:-1\" \/>\n<link rel=\"canonical\" href=\"https:\/\/beamvac.com\/fr\/product\/aspirateur-central-295-gore-hybride-700-aw\/\" \/>\n<meta property=\"og:locale\" content=\"fr_FR\" \/>\n<meta property=\"og:type\" content=\"article\" \/>\n<meta property=\"og:title\" content=\"Aspirateur central 295 - Hybride - 700 AW - BEAM\" \/>\n<meta property=\"og:description\" content=\"Nom du mod\u00e8le : 295 Cet aspirateur central 295 est id\u00e9al pour les petits espaces et les habitations o\u00f9 l\u2019espace destin\u00e9 \u00e0 l\u2019unit\u00e9 motrice est limit\u00e9. Ce petit mod\u00e8le offre tout de m\u00eame une puissance d\u2019aspiration exceptionnelle, surpassant celle des meilleurs aspirateurs portables. Ce mod\u00e8le d\u2019aspirateur central g\u00e9n\u00e8re un niveau sonore de seulement 64 dB, [&hellip;]\" \/>\n<meta property=\"og:url\" content=\"https:\/\/beamvac.com\/fr\/product\/aspirateur-central-295-gore-hybride-700-aw\/\" \/>\n<meta property=\"og:site_name\" content=\"BEAM\" \/>\n<meta property=\"article:modified_time\" content=\"2026-05-01T04:50:12+00:00\" \/>\n<meta property=\"og:image\" content=\"https:\/\/beamvac.com\/wp-content\/uploads\/2025\/01\/ABEAM295E_1-1.jpg\" \/>\n\t<meta property=\"og:image:width\" content=\"800\" \/>\n\t<meta property=\"og:image:height\" content=\"800\" \/>\n\t<meta property=\"og:image:type\" content=\"image\/jpeg\" \/>\n<meta name=\"twitter:card\" content=\"summary_large_image\" \/>\n<meta name=\"twitter:label1\" content=\"Dur\u00e9e de lecture estim\u00e9e\" \/>\n\t<meta name=\"twitter:data1\" content=\"1 minute\" \/>\n<script type=\"application\/ld+json\" class=\"yoast-schema-graph\">{\"@context\":\"https:\/\/schema.org\",\"@graph\":[{\"@type\":\"WebPage\",\"@id\":\"https:\/\/beamvac.com\/fr\/product\/aspirateur-central-295-gore-hybride-700-aw\/\",\"url\":\"https:\/\/beamvac.com\/fr\/product\/aspirateur-central-295-gore-hybride-700-aw\/\",\"name\":\"Aspirateur central 295 - Hybride - 700 AW - BEAM\",\"isPartOf\":{\"@id\":\"https:\/\/beamvac.com\/#website\"},\"primaryImageOfPage\":{\"@id\":\"https:\/\/beamvac.com\/fr\/product\/aspirateur-central-295-gore-hybride-700-aw\/#primaryimage\"},\"image\":{\"@id\":\"https:\/\/beamvac.com\/fr\/product\/aspirateur-central-295-gore-hybride-700-aw\/#primaryimage\"},\"thumbnailUrl\":\"https:\/\/beamvac.com\/wp-content\/uploads\/2025\/01\/ABEAM295E_1-1.jpg\",\"datePublished\":\"2025-01-23T12:59:27+00:00\",\"dateModified\":\"2026-05-01T04:50:12+00:00\",\"breadcrumb\":{\"@id\":\"https:\/\/beamvac.com\/fr\/product\/aspirateur-central-295-gore-hybride-700-aw\/#breadcrumb\"},\"inLanguage\":\"fr-FR\",\"potentialAction\":[{\"@type\":\"ReadAction\",\"target\":[\"https:\/\/beamvac.com\/fr\/product\/aspirateur-central-295-gore-hybride-700-aw\/\"]}]},{\"@type\":\"ImageObject\",\"inLanguage\":\"fr-FR\",\"@id\":\"https:\/\/beamvac.com\/fr\/product\/aspirateur-central-295-gore-hybride-700-aw\/#primaryimage\",\"url\":\"https:\/\/beamvac.com\/wp-content\/uploads\/2025\/01\/ABEAM295E_1-1.jpg\",\"contentUrl\":\"https:\/\/beamvac.com\/wp-content\/uploads\/2025\/01\/ABEAM295E_1-1.jpg\",\"width\":800,\"height\":800},{\"@type\":\"BreadcrumbList\",\"@id\":\"https:\/\/beamvac.com\/fr\/product\/aspirateur-central-295-gore-hybride-700-aw\/#breadcrumb\",\"itemListElement\":[{\"@type\":\"ListItem\",\"position\":1,\"name\":\"Home\",\"item\":\"https:\/\/beamvac.com\/fr\/\"},{\"@type\":\"ListItem\",\"position\":2,\"name\":\"Aspirateur central 295 &#8211; Hybride &#8211; 700 AW\"}]},{\"@type\":\"WebSite\",\"@id\":\"https:\/\/beamvac.com\/#website\",\"url\":\"https:\/\/beamvac.com\/\",\"name\":\"BEAM\",\"description\":\"Premium Central Vacuum Systems\",\"potentialAction\":[{\"@type\":\"SearchAction\",\"target\":{\"@type\":\"EntryPoint\",\"urlTemplate\":\"https:\/\/beamvac.com\/?s={search_term_string}\"},\"query-input\":{\"@type\":\"PropertyValueSpecification\",\"valueRequired\":true,\"valueName\":\"search_term_string\"}}],\"inLanguage\":\"fr-FR\"}]}<\/script>\n<!-- \/ Yoast SEO plugin. -->","yoast_head_json":{"title":"Aspirateur central 295 - Hybride - 700 AW - BEAM","robots":{"index":"index","follow":"follow","max-snippet":"max-snippet:-1","max-image-preview":"max-image-preview:large","max-video-preview":"max-video-preview:-1"},"canonical":"https:\/\/beamvac.com\/fr\/product\/aspirateur-central-295-gore-hybride-700-aw\/","og_locale":"fr_FR","og_type":"article","og_title":"Aspirateur central 295 - Hybride - 700 AW - BEAM","og_description":"Nom du mod\u00e8le : 295 Cet aspirateur central 295 est id\u00e9al pour les petits espaces et les habitations o\u00f9 l\u2019espace destin\u00e9 \u00e0 l\u2019unit\u00e9 motrice est limit\u00e9. Ce petit mod\u00e8le offre tout de m\u00eame une puissance d\u2019aspiration exceptionnelle, surpassant celle des meilleurs aspirateurs portables. Ce mod\u00e8le d\u2019aspirateur central g\u00e9n\u00e8re un niveau sonore de seulement 64 dB, [&hellip;]","og_url":"https:\/\/beamvac.com\/fr\/product\/aspirateur-central-295-gore-hybride-700-aw\/","og_site_name":"BEAM","article_modified_time":"2026-05-01T04:50:12+00:00","og_image":[{"width":800,"height":800,"url":"https:\/\/beamvac.com\/wp-content\/uploads\/2025\/01\/ABEAM295E_1-1.jpg","type":"image\/jpeg"}],"twitter_card":"summary_large_image","twitter_misc":{"Dur\u00e9e de lecture estim\u00e9e":"1 minute"},"schema":{"@context":"https:\/\/schema.org","@graph":[{"@type":"WebPage","@id":"https:\/\/beamvac.com\/fr\/product\/aspirateur-central-295-gore-hybride-700-aw\/","url":"https:\/\/beamvac.com\/fr\/product\/aspirateur-central-295-gore-hybride-700-aw\/","name":"Aspirateur central 295 - Hybride - 700 AW - BEAM","isPartOf":{"@id":"https:\/\/beamvac.com\/#website"},"primaryImageOfPage":{"@id":"https:\/\/beamvac.com\/fr\/product\/aspirateur-central-295-gore-hybride-700-aw\/#primaryimage"},"image":{"@id":"https:\/\/beamvac.com\/fr\/product\/aspirateur-central-295-gore-hybride-700-aw\/#primaryimage"},"thumbnailUrl":"https:\/\/beamvac.com\/wp-content\/uploads\/2025\/01\/ABEAM295E_1-1.jpg","datePublished":"2025-01-23T12:59:27+00:00","dateModified":"2026-05-01T04:50:12+00:00","breadcrumb":{"@id":"https:\/\/beamvac.com\/fr\/product\/aspirateur-central-295-gore-hybride-700-aw\/#breadcrumb"},"inLanguage":"fr-FR","potentialAction":[{"@type":"ReadAction","target":["https:\/\/beamvac.com\/fr\/product\/aspirateur-central-295-gore-hybride-700-aw\/"]}]},{"@type":"ImageObject","inLanguage":"fr-FR","@id":"https:\/\/beamvac.com\/fr\/product\/aspirateur-central-295-gore-hybride-700-aw\/#primaryimage","url":"https:\/\/beamvac.com\/wp-content\/uploads\/2025\/01\/ABEAM295E_1-1.jpg","contentUrl":"https:\/\/beamvac.com\/wp-content\/uploads\/2025\/01\/ABEAM295E_1-1.jpg","width":800,"height":800},{"@type":"BreadcrumbList","@id":"https:\/\/beamvac.com\/fr\/product\/aspirateur-central-295-gore-hybride-700-aw\/#breadcrumb","itemListElement":[{"@type":"ListItem","position":1,"name":"Home","item":"https:\/\/beamvac.com\/fr\/"},{"@type":"ListItem","position":2,"name":"Aspirateur central 295 &#8211; Hybride &#8211; 700 AW"}]},{"@type":"WebSite","@id":"https:\/\/beamvac.com\/#website","url":"https:\/\/beamvac.com\/","name":"BEAM","description":"Premium Central Vacuum Systems","potentialAction":[{"@type":"SearchAction","target":{"@type":"EntryPoint","urlTemplate":"https:\/\/beamvac.com\/?s={search_term_string}"},"query-input":{"@type":"PropertyValueSpecification","valueRequired":true,"valueName":"search_term_string"}}],"inLanguage":"fr-FR"}]}},"_links":{"self":[{"href":"https:\/\/beamvac.com\/fr\/wp-json\/wp\/v2\/products\/9426","targetHints":{"allow":["GET"]}}],"collection":[{"href":"https:\/\/beamvac.com\/fr\/wp-json\/wp\/v2\/products"}],"about":[{"href":"https:\/\/beamvac.com\/fr\/wp-json\/wp\/v2\/types\/atwm_product"}],"wp:featuredmedia":[{"embeddable":true,"href":"https:\/\/beamvac.com\/fr\/wp-json\/wp\/v2\/media\/10249"}],"wp:attachment":[{"href":"https:\/\/beamvac.com\/fr\/wp-json\/wp\/v2\/media?parent=9426"}],"curies":[{"name":"wp","href":"https:\/\/api.w.org\/{rel}","templated":true}]}}

<p><b>Nom du modèle :</b> 295</p>
<p>Cet aspirateur central 295 est idéal pour les petits espaces et les habitations où l’espace destiné à l’unité motrice est limité. Ce petit modèle offre tout de même une puissance d’aspiration exceptionnelle, surpassant celle des meilleurs aspirateurs portables.</p>
<p>Ce modèle d’aspirateur central génère un niveau sonore de seulement 64 dB, ce qui en fait un appareil particulièrement silencieux. Parfait pour un nettoyage discret, profitez de séances d’aspiration à toute heure sans déranger votre entourage.</p>
<p><b>Recommandé pour :</b></p>
<ul>
<li><b>Type d’habitation :</b> appartements, studios et petites maisons</li>
<li><b>Superficie approximative :</b> 90 m²</li>
</ul>
<p><b>Autres informations :</b></p>
<ul>
<li><a title="Consulter le manuel d'instruction pour les aspirateurs centraux Beam" href="https://beamvac.com/wp-content/uploads/userguide/en/IMPMODBEAM_Instruc_Beam_2025.pdf" target="_blank" rel="noopener">Manuel d&rsquo;instruction</a></li>
<li><b>Garantie :</b> 5 ans (pièces)</li>
</ul>

<!-- This site is optimized with the Yoast SEO plugin v26.9 - https://yoast.com/product/yoast-seo-wordpress/ -->
<title>Aspirateur central 295 - Hybride - 700 AW - BEAM</title>
<meta name="robots" content="index, follow, max-snippet:-1, max-image-preview:large, max-video-preview:-1" />
<link rel="canonical" href="https://beamvac.com/fr/product/aspirateur-central-295-gore-hybride-700-aw/" />
<meta property="og:locale" content="fr_FR" />
<meta property="og:type" content="article" />
<meta property="og:title" content="Aspirateur central 295 - Hybride - 700 AW - BEAM" />
<meta property="og:description" content="Nom du modèle : 295 Cet aspirateur central 295 est idéal pour les petits espaces et les habitations où l’espace destiné à l’unité motrice est limité. Ce petit modèle offre tout de même une puissance d’aspiration exceptionnelle, surpassant celle des meilleurs aspirateurs portables. Ce modèle d’aspirateur central génère un niveau sonore de seulement 64 dB, [&hellip;]" />
<meta property="og:url" content="https://beamvac.com/fr/product/aspirateur-central-295-gore-hybride-700-aw/" />
<meta property="og:site_name" content="BEAM" />
<meta property="article:modified_time" content="2026-05-01T04:50:12+00:00" />
<meta property="og:image" content="https://beamvac.com/wp-content/uploads/2025/01/ABEAM295E_1-1.jpg" />
	<meta property="og:image:width" content="800" />
	<meta property="og:image:height" content="800" />
	<meta property="og:image:type" content="image/jpeg" />
<meta name="twitter:card" content="summary_large_image" />
<meta name="twitter:label1" content="Durée de lecture estimée" />
	<meta name="twitter:data1" content="1 minute" />
<script type="application/ld+json" class="yoast-schema-graph">{"@context":"https://schema.org","@graph":[{"@type":"WebPage","@id":"https://beamvac.com/fr/product/aspirateur-central-295-gore-hybride-700-aw/","url":"https://beamvac.com/fr/product/aspirateur-central-295-gore-hybride-700-aw/","name":"Aspirateur central 295 - Hybride - 700 AW - BEAM","isPartOf":{"@id":"https://beamvac.com/#website"},"primaryImageOfPage":{"@id":"https://beamvac.com/fr/product/aspirateur-central-295-gore-hybride-700-aw/#primaryimage"},"image":{"@id":"https://beamvac.com/fr/product/aspirateur-central-295-gore-hybride-700-aw/#primaryimage"},"thumbnailUrl":"https://beamvac.com/wp-content/uploads/2025/01/ABEAM295E_1-1.jpg","datePublished":"2025-01-23T12:59:27+00:00","dateModified":"2026-05-01T04:50:12+00:00","breadcrumb":{"@id":"https://beamvac.com/fr/product/aspirateur-central-295-gore-hybride-700-aw/#breadcrumb"},"inLanguage":"fr-FR","potentialAction":[{"@type":"ReadAction","target":["https://beamvac.com/fr/product/aspirateur-central-295-gore-hybride-700-aw/"]}]},{"@type":"ImageObject","inLanguage":"fr-FR","@id":"https://beamvac.com/fr/product/aspirateur-central-295-gore-hybride-700-aw/#primaryimage","url":"https://beamvac.com/wp-content/uploads/2025/01/ABEAM295E_1-1.jpg","contentUrl":"https://beamvac.com/wp-content/uploads/2025/01/ABEAM295E_1-1.jpg","width":800,"height":800},{"@type":"BreadcrumbList","@id":"https://beamvac.com/fr/product/aspirateur-central-295-gore-hybride-700-aw/#breadcrumb","itemListElement":[{"@type":"ListItem","position":1,"name":"Home","item":"https://beamvac.com/fr/"},{"@type":"ListItem","position":2,"name":"Aspirateur central 295 &#8211; Hybride &#8211; 700 AW"}]},{"@type":"WebSite","@id":"https://beamvac.com/#website","url":"https://beamvac.com/","name":"BEAM","description":"Premium Central Vacuum Systems","potentialAction":[{"@type":"SearchAction","target":{"@type":"EntryPoint","urlTemplate":"https://beamvac.com/?s={search_term_string}"},"query-input":{"@type":"PropertyValueSpecification","valueRequired":true,"valueName":"search_term_string"}}],"inLanguage":"fr-FR"}]}</script>
<!-- / Yoast SEO plugin. -->

Nom du modèle : 295 Cet aspirateur central 295 est idéal pour les petits espaces et les habitations où l’espace destiné à l’unité motrice est limité. Ce petit modèle offre tout de même une puissance d’aspiration exceptionnelle, surpassant celle des meilleurs aspirateurs portables. Ce modèle d’aspirateur central génère un niveau sonore de seulement 64 dB, [&hellip;]
