{"id":10365,"date":"2025-10-30T10:47:55","date_gmt":"2025-10-30T14:47:55","guid":{"rendered":"https:\/\/beamvac.com\/?page_id=10365"},"modified":"2025-11-05T10:25:11","modified_gmt":"2025-11-05T15:25:11","slug":"qualite-de-lair","status":"publish","type":"page","link":"https:\/\/beamvac.com\/fr\/qualite-de-lair\/","title":{"rendered":"Qualit\u00e9 de l&rsquo;air"},"content":{"rendered":"<div class=\"wpb-content-wrapper\"><p>[vc_row][vc_column][vc_single_image image=\u00a0\u00bb10419&Prime; img_size=\u00a0\u00bbfull\u00a0\u00bb][\/vc_column][\/vc_row][vc_row][vc_column][vc_custom_heading text=\u00a0\u00bbPOURQUOI ET COMMENT LA QUALIT\u00c9 DE L\u2019AIR INT\u00c9RIEUR EST-ELLE MEILLEURE AVEC UN ASPIRATEUR CENTRAL?\u00a0\u00bb font_container=\u00a0\u00bbtag:h2|text_align:center\u00a0\u00bb use_theme_fonts=\u00a0\u00bbyes\u00a0\u00bb][\/vc_column][\/vc_row][vc_row][vc_column][vc_separator][\/vc_column][\/vc_row][vc_row][vc_column][vc_column_text]La qualit\u00e9 de l\u2019air int\u00e9rieur est essentielle pour la sant\u00e9 et peut \u00eatre fortement affect\u00e9e lors du nettoyage avec un aspirateur classique. Les aspirateurs centraux permettent d\u2019am\u00e9liorer cette qualit\u00e9 de fa\u00e7on notable. Voici pourquoi.<br \/>\n[\/vc_column_text][vc_column_text]<\/p>\n<h5>Aucune poussi\u00e8re rejet\u00e9e dans les pi\u00e8ces de vie<\/h5>\n<p>L\u2019unit\u00e9 centrale d\u2019un syst\u00e8me d\u2019aspiration centralis\u00e9e est <b>plac\u00e9e \u00e0 l\u2019\u00e9cart des espaces de vie<\/b>, souvent dans un garage, un sous-sol ou une buanderie. Cette installation permet d\u2019\u00e9vacuer l\u2019air aspir\u00e9 \u00e0 l\u2019ext\u00e9rieur, garantissant une qualit\u00e9 de l\u2019air bien sup\u00e9rieure \u00e0 celle obtenue avec un aspirateur classique.<br \/>\n[\/vc_column_text][vc_column_text]<\/p>\n<h5>R\u00e9duction des allerg\u00e8nes et micro-particules<\/h5>\n<p>Les allerg\u00e8nes fr\u00e9quents (acariens, poils d\u2019animaux, spores de moisissures, pollens, etc.) sont souvent trop fins pour \u00eatre enti\u00e8rement captur\u00e9s par les aspirateurs portables. Gr\u00e2ce \u00e0 sa forte puissance d\u2019aspiration et \u00e0 son syst\u00e8me de filtration performant, l\u2019aspirateur central les retient et les \u00e9limine efficacement.<br \/>\n[\/vc_column_text][vc_column_text]<\/p>\n<h5>Un nettoyage en profondeur<\/h5>\n<p>Les moteurs puissants des aspirateurs centraux assurent une aspiration extr\u00eamement efficace, capable de retirer en profondeur poussi\u00e8re, allerg\u00e8nes et particules invisibles, m\u00eame sur les moquettes et tapis. R\u00e9sultat : un int\u00e9rieur non seulement plus propre, mais aussi plus sain.<br \/>\n[\/vc_column_text][vc_column_text]<\/p>\n<h5>R\u00e9duction de la pollution secondaire<\/h5>\n<p>Les aspirateurs traditionnels lib\u00e8rent souvent de fines poussi\u00e8res qu\u2019ils ne retiennent pas compl\u00e8tement, lesquelles se red\u00e9posent rapidement sur les surfaces et contribuent \u00e0 recontaminer l\u2019air int\u00e9rieur. Plac\u00e9 strat\u00e9giquement, l\u2019aspirateur central r\u00e9duit consid\u00e9rablement ce risque de pollution secondaire.<br \/>\n[\/vc_column_text][\/vc_column][\/vc_row][vc_row][vc_column width=\u00a0\u00bb1\/4&Prime;][\/vc_column][vc_column width=\u00a0\u00bb1\/2&Prime;][vc_single_image image=\u00a0\u00bb10294&Prime; alignment=\u00a0\u00bbcenter\u00a0\u00bb][vc_custom_heading text=\u00a0\u00bbMOUVEMENT \u00c9CODURABLE\u00a0\u00bb font_container=\u00a0\u00bbtag:h2|text_align:center\u00a0\u00bb use_theme_fonts=\u00a0\u00bbyes\u00a0\u00bb][vc_separator][vc_column_text]<\/p>\n<p style=\"text-align: center;\">D\u00e9couvrez comment le syst\u00e8me d\u2019aspiration central allie puissance, durabilit\u00e9 et respect de l\u2019environnement. Un choix intelligent pour une maison plus propre et une plan\u00e8te plus verte.<\/p>\n<p>[\/vc_column_text][vc_btn title=\u00a0\u00bbEN SAVOIR PLUS\u00a0\u00bb style=\u00a0\u00bboutline-custom\u00a0\u00bb outline_custom_color=\u00a0\u00bb#7fa1d4&Prime; outline_custom_hover_background=\u00a0\u00bb#7fa1d4&Prime; outline_custom_hover_text=\u00a0\u00bb#ffffff\u00a0\u00bb shape=\u00a0\u00bbsquare\u00a0\u00bb align=\u00a0\u00bbcenter\u00a0\u00bb el_class=\u00a0\u00bbproduct-learn-more\u00a0\u00bb link=\u00a0\u00bburl:https%3A%2F%2Fbeamvac.com%2Ffr%2Fmouvement-ecodurable%2F|title:Where%20To%20Buy\u00a0\u00bb][\/vc_column][vc_column width=\u00a0\u00bb1\/4&Prime;][\/vc_column][\/vc_row]<\/p>\n<\/div>","protected":false},"excerpt":{"rendered":"<p>[vc_row][vc_column][vc_single_image image=\u00a0\u00bb10419&Prime; img_size=\u00a0\u00bbfull\u00a0\u00bb][\/vc_column][\/vc_row][vc_row][vc_column][vc_custom_heading text=\u00a0\u00bbPOURQUOI ET COMMENT LA QUALIT\u00c9 DE L\u2019AIR INT\u00c9RIEUR EST-ELLE MEILLEURE AVEC UN ASPIRATEUR CENTRAL?\u00a0\u00bb font_container=\u00a0\u00bbtag:h2|text_align:center\u00a0\u00bb use_theme_fonts=\u00a0\u00bbyes\u00a0\u00bb][\/vc_column][\/vc_row][vc_row][vc_column][vc_separator][\/vc_column][\/vc_row][vc_row][vc_column][vc_column_text]La qualit\u00e9 de l\u2019air int\u00e9rieur est essentielle pour la sant\u00e9 et peut \u00eatre fortement affect\u00e9e lors du nettoyage avec un aspirateur classique. Les aspirateurs centraux permettent d\u2019am\u00e9liorer cette qualit\u00e9 de fa\u00e7on notable. Voici pourquoi. [\/vc_column_text][vc_column_text] Aucune poussi\u00e8re [&hellip;]<\/p>\n","protected":false},"author":8,"featured_media":0,"parent":0,"menu_order":0,"comment_status":"closed","ping_status":"closed","template":"","meta":{"footnotes":""},"class_list":["post-10365","page","type-page","status-publish","hentry"],"yoast_head":"<!-- This site is optimized with the Yoast SEO plugin v26.9 - https:\/\/yoast.com\/product\/yoast-seo-wordpress\/ -->\n<title>Qualit\u00e9 de l&#039;air - BEAM<\/title>\n<meta name=\"robots\" content=\"index, follow, max-snippet:-1, max-image-preview:large, max-video-preview:-1\" \/>\n<link rel=\"canonical\" href=\"https:\/\/beamvac.com\/fr\/qualite-de-lair\/\" \/>\n<meta property=\"og:locale\" content=\"fr_FR\" \/>\n<meta property=\"og:type\" content=\"article\" \/>\n<meta property=\"og:title\" content=\"Qualit\u00e9 de l&#039;air - BEAM\" \/>\n<meta property=\"og:description\" content=\"[vc_row][vc_column][vc_single_image image=\u00a0\u00bb10419&Prime; img_size=\u00a0\u00bbfull\u00a0\u00bb][\/vc_column][\/vc_row][vc_row][vc_column][vc_custom_heading text=\u00a0\u00bbPOURQUOI ET COMMENT LA QUALIT\u00c9 DE L\u2019AIR INT\u00c9RIEUR EST-ELLE MEILLEURE AVEC UN ASPIRATEUR CENTRAL?\u00a0\u00bb font_container=\u00a0\u00bbtag:h2|text_align:center\u00a0\u00bb use_theme_fonts=\u00a0\u00bbyes\u00a0\u00bb][\/vc_column][\/vc_row][vc_row][vc_column][vc_separator][\/vc_column][\/vc_row][vc_row][vc_column][vc_column_text]La qualit\u00e9 de l\u2019air int\u00e9rieur est essentielle pour la sant\u00e9 et peut \u00eatre fortement affect\u00e9e lors du nettoyage avec un aspirateur classique. Les aspirateurs centraux permettent d\u2019am\u00e9liorer cette qualit\u00e9 de fa\u00e7on notable. Voici pourquoi. [\/vc_column_text][vc_column_text] Aucune poussi\u00e8re [&hellip;]\" \/>\n<meta property=\"og:url\" content=\"https:\/\/beamvac.com\/fr\/qualite-de-lair\/\" \/>\n<meta property=\"og:site_name\" content=\"BEAM\" \/>\n<meta property=\"article:modified_time\" content=\"2025-11-05T15:25:11+00:00\" \/>\n<meta name=\"twitter:card\" content=\"summary_large_image\" \/>\n<meta name=\"twitter:label1\" content=\"Dur\u00e9e de lecture estim\u00e9e\" \/>\n\t<meta name=\"twitter:data1\" content=\"2 minutes\" \/>\n<script type=\"application\/ld+json\" class=\"yoast-schema-graph\">{\"@context\":\"https:\/\/schema.org\",\"@graph\":[{\"@type\":\"WebPage\",\"@id\":\"https:\/\/beamvac.com\/fr\/qualite-de-lair\/\",\"url\":\"https:\/\/beamvac.com\/fr\/qualite-de-lair\/\",\"name\":\"Qualit\u00e9 de l'air - BEAM\",\"isPartOf\":{\"@id\":\"https:\/\/beamvac.com\/#website\"},\"datePublished\":\"2025-10-30T14:47:55+00:00\",\"dateModified\":\"2025-11-05T15:25:11+00:00\",\"breadcrumb\":{\"@id\":\"https:\/\/beamvac.com\/fr\/qualite-de-lair\/#breadcrumb\"},\"inLanguage\":\"fr-FR\",\"potentialAction\":[{\"@type\":\"ReadAction\",\"target\":[\"https:\/\/beamvac.com\/fr\/qualite-de-lair\/\"]}]},{\"@type\":\"BreadcrumbList\",\"@id\":\"https:\/\/beamvac.com\/fr\/qualite-de-lair\/#breadcrumb\",\"itemListElement\":[{\"@type\":\"ListItem\",\"position\":1,\"name\":\"Home\",\"item\":\"https:\/\/beamvac.com\/fr\/\"},{\"@type\":\"ListItem\",\"position\":2,\"name\":\"Qualit\u00e9 de l&#8217;air\"}]},{\"@type\":\"WebSite\",\"@id\":\"https:\/\/beamvac.com\/#website\",\"url\":\"https:\/\/beamvac.com\/\",\"name\":\"BEAM\",\"description\":\"Premium Central Vacuum Systems\",\"potentialAction\":[{\"@type\":\"SearchAction\",\"target\":{\"@type\":\"EntryPoint\",\"urlTemplate\":\"https:\/\/beamvac.com\/?s={search_term_string}\"},\"query-input\":{\"@type\":\"PropertyValueSpecification\",\"valueRequired\":true,\"valueName\":\"search_term_string\"}}],\"inLanguage\":\"fr-FR\"}]}<\/script>\n<!-- \/ Yoast SEO plugin. -->","yoast_head_json":{"title":"Qualit\u00e9 de l'air - BEAM","robots":{"index":"index","follow":"follow","max-snippet":"max-snippet:-1","max-image-preview":"max-image-preview:large","max-video-preview":"max-video-preview:-1"},"canonical":"https:\/\/beamvac.com\/fr\/qualite-de-lair\/","og_locale":"fr_FR","og_type":"article","og_title":"Qualit\u00e9 de l'air - BEAM","og_description":"[vc_row][vc_column][vc_single_image image=\u00a0\u00bb10419&Prime; img_size=\u00a0\u00bbfull\u00a0\u00bb][\/vc_column][\/vc_row][vc_row][vc_column][vc_custom_heading text=\u00a0\u00bbPOURQUOI ET COMMENT LA QUALIT\u00c9 DE L\u2019AIR INT\u00c9RIEUR EST-ELLE MEILLEURE AVEC UN ASPIRATEUR CENTRAL?\u00a0\u00bb font_container=\u00a0\u00bbtag:h2|text_align:center\u00a0\u00bb use_theme_fonts=\u00a0\u00bbyes\u00a0\u00bb][\/vc_column][\/vc_row][vc_row][vc_column][vc_separator][\/vc_column][\/vc_row][vc_row][vc_column][vc_column_text]La qualit\u00e9 de l\u2019air int\u00e9rieur est essentielle pour la sant\u00e9 et peut \u00eatre fortement affect\u00e9e lors du nettoyage avec un aspirateur classique. Les aspirateurs centraux permettent d\u2019am\u00e9liorer cette qualit\u00e9 de fa\u00e7on notable. Voici pourquoi. [\/vc_column_text][vc_column_text] Aucune poussi\u00e8re [&hellip;]","og_url":"https:\/\/beamvac.com\/fr\/qualite-de-lair\/","og_site_name":"BEAM","article_modified_time":"2025-11-05T15:25:11+00:00","twitter_card":"summary_large_image","twitter_misc":{"Dur\u00e9e de lecture estim\u00e9e":"2 minutes"},"schema":{"@context":"https:\/\/schema.org","@graph":[{"@type":"WebPage","@id":"https:\/\/beamvac.com\/fr\/qualite-de-lair\/","url":"https:\/\/beamvac.com\/fr\/qualite-de-lair\/","name":"Qualit\u00e9 de l'air - BEAM","isPartOf":{"@id":"https:\/\/beamvac.com\/#website"},"datePublished":"2025-10-30T14:47:55+00:00","dateModified":"2025-11-05T15:25:11+00:00","breadcrumb":{"@id":"https:\/\/beamvac.com\/fr\/qualite-de-lair\/#breadcrumb"},"inLanguage":"fr-FR","potentialAction":[{"@type":"ReadAction","target":["https:\/\/beamvac.com\/fr\/qualite-de-lair\/"]}]},{"@type":"BreadcrumbList","@id":"https:\/\/beamvac.com\/fr\/qualite-de-lair\/#breadcrumb","itemListElement":[{"@type":"ListItem","position":1,"name":"Home","item":"https:\/\/beamvac.com\/fr\/"},{"@type":"ListItem","position":2,"name":"Qualit\u00e9 de l&#8217;air"}]},{"@type":"WebSite","@id":"https:\/\/beamvac.com\/#website","url":"https:\/\/beamvac.com\/","name":"BEAM","description":"Premium Central Vacuum Systems","potentialAction":[{"@type":"SearchAction","target":{"@type":"EntryPoint","urlTemplate":"https:\/\/beamvac.com\/?s={search_term_string}"},"query-input":{"@type":"PropertyValueSpecification","valueRequired":true,"valueName":"search_term_string"}}],"inLanguage":"fr-FR"}]}},"_links":{"self":[{"href":"https:\/\/beamvac.com\/fr\/wp-json\/wp\/v2\/pages\/10365","targetHints":{"allow":["GET"]}}],"collection":[{"href":"https:\/\/beamvac.com\/fr\/wp-json\/wp\/v2\/pages"}],"about":[{"href":"https:\/\/beamvac.com\/fr\/wp-json\/wp\/v2\/types\/page"}],"author":[{"embeddable":true,"href":"https:\/\/beamvac.com\/fr\/wp-json\/wp\/v2\/users\/8"}],"replies":[{"embeddable":true,"href":"https:\/\/beamvac.com\/fr\/wp-json\/wp\/v2\/comments?post=10365"}],"version-history":[{"count":10,"href":"https:\/\/beamvac.com\/fr\/wp-json\/wp\/v2\/pages\/10365\/revisions"}],"predecessor-version":[{"id":10444,"href":"https:\/\/beamvac.com\/fr\/wp-json\/wp\/v2\/pages\/10365\/revisions\/10444"}],"wp:attachment":[{"href":"https:\/\/beamvac.com\/fr\/wp-json\/wp\/v2\/media?parent=10365"}],"curies":[{"name":"wp","href":"https:\/\/api.w.org\/{rel}","templated":true}]}}

Qualité de l&rsquo;air

<div class="wpb-content-wrapper"><p>[vc_row][vc_column][vc_single_image image= »10419&Prime; img_size= »full »][/vc_column][/vc_row][vc_row][vc_column][vc_custom_heading text= »POURQUOI ET COMMENT LA QUALITÉ DE L’AIR INTÉRIEUR EST-ELLE MEILLEURE AVEC UN ASPIRATEUR CENTRAL? » font_container= »tag:h2|text_align:center » use_theme_fonts= »yes »][/vc_column][/vc_row][vc_row][vc_column][vc_separator][/vc_column][/vc_row][vc_row][vc_column][vc_column_text]La qualité de l’air intérieur est essentielle pour la santé et peut être fortement affectée lors du nettoyage avec un aspirateur classique. Les aspirateurs centraux permettent d’améliorer cette qualité de façon notable. Voici pourquoi.<br />
[/vc_column_text][vc_column_text]</p>
<h5>Aucune poussière rejetée dans les pièces de vie</h5>
<p>L’unité centrale d’un système d’aspiration centralisée est <b>placée à l’écart des espaces de vie</b>, souvent dans un garage, un sous-sol ou une buanderie. Cette installation permet d’évacuer l’air aspiré à l’extérieur, garantissant une qualité de l’air bien supérieure à celle obtenue avec un aspirateur classique.<br />
[/vc_column_text][vc_column_text]</p>
<h5>Réduction des allergènes et micro-particules</h5>
<p>Les allergènes fréquents (acariens, poils d’animaux, spores de moisissures, pollens, etc.) sont souvent trop fins pour être entièrement capturés par les aspirateurs portables. Grâce à sa forte puissance d’aspiration et à son système de filtration performant, l’aspirateur central les retient et les élimine efficacement.<br />
[/vc_column_text][vc_column_text]</p>
<h5>Un nettoyage en profondeur</h5>
<p>Les moteurs puissants des aspirateurs centraux assurent une aspiration extrêmement efficace, capable de retirer en profondeur poussière, allergènes et particules invisibles, même sur les moquettes et tapis. Résultat : un intérieur non seulement plus propre, mais aussi plus sain.<br />
[/vc_column_text][vc_column_text]</p>
<h5>Réduction de la pollution secondaire</h5>
<p>Les aspirateurs traditionnels libèrent souvent de fines poussières qu’ils ne retiennent pas complètement, lesquelles se redéposent rapidement sur les surfaces et contribuent à recontaminer l’air intérieur. Placé stratégiquement, l’aspirateur central réduit considérablement ce risque de pollution secondaire.<br />
[/vc_column_text][/vc_column][/vc_row][vc_row][vc_column width= »1/4&Prime;][/vc_column][vc_column width= »1/2&Prime;][vc_single_image image= »10294&Prime; alignment= »center »][vc_custom_heading text= »MOUVEMENT ÉCODURABLE » font_container= »tag:h2|text_align:center » use_theme_fonts= »yes »][vc_separator][vc_column_text]</p>
<p style="text-align: center;">Découvrez comment le système d’aspiration central allie puissance, durabilité et respect de l’environnement. Un choix intelligent pour une maison plus propre et une planète plus verte.</p>
<p>[/vc_column_text][vc_btn title= »EN SAVOIR PLUS » style= »outline-custom » outline_custom_color= »#7fa1d4&Prime; outline_custom_hover_background= »#7fa1d4&Prime; outline_custom_hover_text= »#ffffff » shape= »square » align= »center » el_class= »product-learn-more » link= »url:https%3A%2F%2Fbeamvac.com%2Ffr%2Fmouvement-ecodurable%2F|title:Where%20To%20Buy »][/vc_column][vc_column width= »1/4&Prime;][/vc_column][/vc_row]</p>
</div>

<p>[vc_row][vc_column][vc_single_image image= »10419&Prime; img_size= »full »][/vc_column][/vc_row][vc_row][vc_column][vc_custom_heading text= »POURQUOI ET COMMENT LA QUALITÉ DE L’AIR INTÉRIEUR EST-ELLE MEILLEURE AVEC UN ASPIRATEUR CENTRAL? » font_container= »tag:h2|text_align:center » use_theme_fonts= »yes »][/vc_column][/vc_row][vc_row][vc_column][vc_separator][/vc_column][/vc_row][vc_row][vc_column][vc_column_text]La qualité de l’air intérieur est essentielle pour la santé et peut être fortement affectée lors du nettoyage avec un aspirateur classique. Les aspirateurs centraux permettent d’améliorer cette qualité de façon notable. Voici pourquoi. [/vc_column_text][vc_column_text] Aucune poussière [&hellip;]</p>

<!-- This site is optimized with the Yoast SEO plugin v26.9 - https://yoast.com/product/yoast-seo-wordpress/ -->
<title>Qualité de l&#039;air - BEAM</title>
<meta name="robots" content="index, follow, max-snippet:-1, max-image-preview:large, max-video-preview:-1" />
<link rel="canonical" href="https://beamvac.com/fr/qualite-de-lair/" />
<meta property="og:locale" content="fr_FR" />
<meta property="og:type" content="article" />
<meta property="og:title" content="Qualité de l&#039;air - BEAM" />
<meta property="og:description" content="[vc_row][vc_column][vc_single_image image= »10419&Prime; img_size= »full »][/vc_column][/vc_row][vc_row][vc_column][vc_custom_heading text= »POURQUOI ET COMMENT LA QUALITÉ DE L’AIR INTÉRIEUR EST-ELLE MEILLEURE AVEC UN ASPIRATEUR CENTRAL? » font_container= »tag:h2|text_align:center » use_theme_fonts= »yes »][/vc_column][/vc_row][vc_row][vc_column][vc_separator][/vc_column][/vc_row][vc_row][vc_column][vc_column_text]La qualité de l’air intérieur est essentielle pour la santé et peut être fortement affectée lors du nettoyage avec un aspirateur classique. Les aspirateurs centraux permettent d’améliorer cette qualité de façon notable. Voici pourquoi. [/vc_column_text][vc_column_text] Aucune poussière [&hellip;]" />
<meta property="og:url" content="https://beamvac.com/fr/qualite-de-lair/" />
<meta property="og:site_name" content="BEAM" />
<meta property="article:modified_time" content="2025-11-05T15:25:11+00:00" />
<meta name="twitter:card" content="summary_large_image" />
<meta name="twitter:label1" content="Durée de lecture estimée" />
	<meta name="twitter:data1" content="2 minutes" />
<script type="application/ld+json" class="yoast-schema-graph">{"@context":"https://schema.org","@graph":[{"@type":"WebPage","@id":"https://beamvac.com/fr/qualite-de-lair/","url":"https://beamvac.com/fr/qualite-de-lair/","name":"Qualité de l'air - BEAM","isPartOf":{"@id":"https://beamvac.com/#website"},"datePublished":"2025-10-30T14:47:55+00:00","dateModified":"2025-11-05T15:25:11+00:00","breadcrumb":{"@id":"https://beamvac.com/fr/qualite-de-lair/#breadcrumb"},"inLanguage":"fr-FR","potentialAction":[{"@type":"ReadAction","target":["https://beamvac.com/fr/qualite-de-lair/"]}]},{"@type":"BreadcrumbList","@id":"https://beamvac.com/fr/qualite-de-lair/#breadcrumb","itemListElement":[{"@type":"ListItem","position":1,"name":"Home","item":"https://beamvac.com/fr/"},{"@type":"ListItem","position":2,"name":"Qualité de l&#8217;air"}]},{"@type":"WebSite","@id":"https://beamvac.com/#website","url":"https://beamvac.com/","name":"BEAM","description":"Premium Central Vacuum Systems","potentialAction":[{"@type":"SearchAction","target":{"@type":"EntryPoint","urlTemplate":"https://beamvac.com/?s={search_term_string}"},"query-input":{"@type":"PropertyValueSpecification","valueRequired":true,"valueName":"search_term_string"}}],"inLanguage":"fr-FR"}]}</script>
<!-- / Yoast SEO plugin. -->

Qualité de l'air - BEAM

[vc_row][vc_column][vc_single_image image= »10419&Prime; img_size= »full »][/vc_column][/vc_row][vc_row][vc_column][vc_custom_heading text= »POURQUOI ET COMMENT LA QUALITÉ DE L’AIR INTÉRIEUR EST-ELLE MEILLEURE AVEC UN ASPIRATEUR CENTRAL? » font_container= »tag:h2|text_align:center » use_theme_fonts= »yes »][/vc_column][/vc_row][vc_row][vc_column][vc_separator][/vc_column][/vc_row][vc_row][vc_column][vc_column_text]La qualité de l’air intérieur est essentielle pour la santé et peut être fortement affectée lors du nettoyage avec un aspirateur classique. Les aspirateurs centraux permettent d’améliorer cette qualité de façon notable. Voici pourquoi. [/vc_column_text][vc_column_text] Aucune poussière [&hellip;]

Qualité de l&#8217;air
